 183912?
True
Is 4168604 a multiple of 17?
True
Does 27 divide 6408954?
False
Is 9 a factor of 313578?
True
Does 20 divide 114094?
False
Is 164 a factor of 2024303?
False
Is 335 a factor of 1484385?
True
Is 948152 a multiple of 184?
True
Is 1096320 a multiple of 16?
True
Is 33 a factor of 896709?
True
Is 171231 a multiple of 428?
False
Is 822864 a multiple of 474?
True
Is 5017 even?
False
Is 18042 a multiple of 11?
False
Does 276 divide 250139?
False
Is 47 a factor of 68103?
True
Is 235 a factor of 2317110?
False
Does 2 divide 76667?
False
Is 2470933 a multiple of 2?
False
Is 29 a factor of 52026?
True
Does 14 divide 37615?
False
Is 164556 a multiple of 63?
True
Is 27 a factor of 857735?
False
Is 257 a factor of 7562482?
True
Is 32762 a multiple of 3?
False
Is 456 a factor of 2230296?
True
Is 137 a factor of 15429259?
False
Does 27 divide 116979?
False
Does 5 divide 487994?
False
Is 630864 a multiple of 76?
False
Is 31 a factor of 992022?
False
Is 8736413 a multiple of 33?
False
Is 36 a factor of 27586?
False
Is 414966 a multiple of 97?
True
Does 74 divide 1689864?
True
Is 2505961 a multiple of 31?
False
Does 84 divide 5124?
True
Is 8269093 a multiple of 7?
True
Is 176 a factor of 132880?
True
Does 164 divide 27392756?
True
Does 62 divide 115444?
True
Is 1378900 a multiple of 252?
False
Is 1115784 a multiple of 72?
True
Is 34 a factor of 5923699?
False
Does 8 divide 2974128?
True
Does 24 divide 4352520?
True
Is 43 a factor of 278118?
False
Is 16 a factor of 163824?
True
Is 75450 a multiple of 150?
True
Is 3383400 a multiple of 30?
True
Is 3190795 a multiple of 71?
False
Is 14 a factor of 218186?
False
Does 84 divide 213709?
False
Does 12 divide 1330655?
False
Does 18 divide 8045208?
True
Is 233 a factor of 20231?
False
Is 176525 a multiple of 307?
True
Does 3 divide 239847?
True
Does 14 divide 35266?
True
Does 26 divide 313722?
False
Is 2261800 a multiple of 10?
True
Is 13706 a multiple of 11?
True
Is 119 a factor of 188377?
True
Does 5 divide 1021817?
False
Is 215 a factor of 4502960?
True
Does 42 divide 933904?
False
Is 148 a factor of 1202944?
True
Does 412 divide 3262628?
True
Is 18 a factor of 331562?
False
Is 5164740 a multiple of 140?
True
Is 5865870 a multiple of 357?
False
Is 149281 a multiple of 11?
True
Is 81 a factor of 9597852?
True
Is 122994 a multiple of 9?
True
Is 485980 a multiple of 44?
True
Does 54 divide 149472?
True
Is 986370 a multiple of 77?
True
Does 74 divide 205284?
False
Does 112 divide 299700?
False
Is 289 a factor of 497658?
True
Does 34 divide 61166?
True
Is 2353615 a multiple of 48?
False
Does 828 divide 1774321?
False
Is 1388159 a multiple of 232?
False
Is 48 a factor of 2012976?
True
Is 909680 a multiple of 83?
True
Does 9 divide 313088?
False
Is 53 a factor of 1275680?
False
Does 256 divide 601229?
False
Is 78767 a multiple of 84?
False
Is 16488841 a multiple of 118?
False
Is 123 a factor of 3336744?
True
Is 37013334 a multiple of 2746?
True
Does 134 divide 248124?
False
Is 176 a factor of 23432916?
False
Is 157 a factor of 110685?
True
Is 43375 a multiple of 28?
False
Is 145 a factor of 114550?
True
Is 14737426 a multiple of 13?
False
Is 1052756 a multiple of 92?
True
Is 1990 even?
True
Is 114 a factor of 861295?
False
Is 327960 a multiple of 15?
True
Is 10195852 a multiple of 23?
False
Is 2351606 a multiple of 9?
False
Does 169 divide 14703?
True
Is 5705658 a multiple of 21?
True
Is 1612 a factor of 3444844?
True
Is 708073 a multiple of 83?
True
Does 3 divide 29637?
True
Is 42 a factor of 2025576?
True
Does 7 divide 328529?
False
Is 518415 a multiple of 255?
True
Does 4 divide 80650?
False
Is 224 a factor of 25191?
False
Is 23 a factor of 5202278?
True
Is 2824728 a multiple of 296?
True
Is 8848897 a multiple of 12?
False
Is 276 a factor of 127448?
False
Does 60 divide 247833?
False
Is 46 a factor of 127650?
True
Does 5 divide 10940?
True
Is 25 a factor of 74725?
True
Is 656004 a multiple of 186?
False
Does 13 divide 429240?
False
Does 33 divide 487971?
True
Is 71213 a multiple of 4?
False
Does 1354 divide 14142530?
True
Is 35323986 a multiple of 18?
False
Is 585 a factor of 957060?
True
Does 13 divide 1443318?
False
Is 22 a factor of 1008370?
True
Is 3 a factor of 265370?
False
Is 99590 a multiple of 5?
True
Is 54 a factor of 273888?
True
Is 1346913 a multiple of 18?
False
Does 25 divide 680324?
False
Is 187 a factor of 237138?
False
Does 417 divide 1092540?
True
Does 14 divide 4880764?
True
Is 190855 a multiple of 45?
False
Is 3 a factor of 46092?
True
Is 1027962 a multiple of 598?
True
Is 15 a factor of 335880?
True
Is 5905936 a multiple of 17?
True
Is 4 a factor of 198400?
True
Is 5 a factor of 406290?
True
Is 1258134 a multiple of 277?
True
Is 1725024 a multiple of 302?
True
Is 718 a factor of 1894802?
True
Is 14 a factor of 242956?
True
Is 14 a factor of 31913860?
False
Is 52 a factor of 103220?
True
Does 10 divide 364454?
False
Does 6 divide 197820?
True
Does 126 divide 321300?
True
Does 7 divide 45572?
False
Is 11289319 a multiple of 91?
False
Does 224 divide 391529?
False
Is 43 a factor of 41518?
False
Is 6 a factor of 20394?
True
Is 14697 a multiple of 9?
True
Does 6 divide 10789?
False
Is 606 a factor of 5059443?
False
Is 6385200 a multiple of 850?
True
Is 324 a factor of 1505996?
False
Is 409210 a multiple of 112?
False
Does 106 divide 107484?
True
Is 143 a factor of 309791?
False
Does 68 divide 3358180?
True
Is 32844 a multiple of 34?
True
Is 549046 a multiple of 30?
False
Is 16 a factor of 85872?
True
Is 21027390 a multiple of 1270?
True
Is 888624 a multiple of 11?
True
Does 33 divide 475464?
True
Is 410890 a multiple of 29?
False
Is 954378 a multiple of 9?
True
Is 7 a factor of 8821428?
True
Is 195 a factor of 229601?
False
Is 2161489 a multiple of 122?
False
Does 222 divide 314130?
True
Does 89 divide 6052?
True
Does 12 divide 5900514?
False
Does 175 divide 748650?
True
Is 27 a factor of 297289?
False
Is 2529693 a multiple of 688?
False
Does 18 divide 742734?
True
Is 9346 a multiple of 7?
False
Does 148 divide 14663248?
True
Is 4380134 a multiple of 11?
True
Is 848451 a multiple of 831?
True
Is 16620 a multiple of 6?
True
Is 27 a factor of 252182?
False
Is 483866 a multiple of 186?
False
Does 4 divide 64842?
False
Is 688722 a multiple of 79?
True
Is 748170 a multiple of 85?
True
Is 3632499 a multiple of 1179?
True
Is 5 a factor of 407773?
False
Does 21 divide 81875?
False
Does 7 divide 1635424?
True
Is 18758 a multiple of 83?
True
Is 98 a factor of 289520?
False
Does 8 divide 40968?
True
Is 160 a factor of 5333607?
False
Is 9 a factor of 1417374?
True
Is 103 a factor of 464427?
True
Does 5 divide 773734?
False
Does 15 divide 3533085?
True
Is 4 a factor of 55042?
False
Is 7 a factor of 11378?
False
Does 34 divide 842773?
False
Does 5 divide 146181?
False
Does 26 divide 3812406?
True
Does 44 divide 63096?
True
Is 428 a factor of 744392?
False
Is 143244 a multiple of 12?
True
Is 41664 a multiple of 17?
False
Is 19 a factor of 1626877?
False
Does 1259 divide 950545?
True
Is 10 a factor of 1776740?
True
Is 23 a factor of 10421791?
False
Is 1288887 a multiple of 31?
True
Is 28559400 a multiple of 30?
True
Is 3 a factor of 2492?
False
Is 209760 a multiple of 76?
True
Is 260 a factor of 1351548?
False
Is 313800 a multiple of 12?
True
Does 512 divide 369240?
False
Is 74 a factor of 1001056?
False
Does 24 divide 237792?
True
Does 333 divide 3930732?
True
Is 9290936 a multiple of 49?
False
Is 91 a factor of 106106?
True
Is 26178 a multiple of 4?
False
Is 434 a factor of 201112?
False
Is 11808813 a multiple of 45?
False
Is 243722 a multiple of 150?
False
Does 143 divide 53989?
False
Is 3 a factor of 135268?
False
Is 61 a factor of 628300?
True
Does 17 divide 1680?
False
Is 10 a factor of 1965893?
False
Is 265 a factor of 766645?
True
Is 7975 a multiple of 5?
True
Does 606 divide 18180?
True
Is 78 a factor of 5076523?
False
Is 10 a factor of 743866?
False
Is 39991 a multiple of 203?
True
Is 70 a factor of 2116164?
False
Does 547 divide 820500?
True
Is 566 a factor of 13186296?
False
Does 145 divide 963380?
True
Is 15 a factor of 18410358?
False
Is 20 a factor of 734729?
False
Is 206 a factor of 1349300?
True
Does 63 divide 21754?
False
Is 73 a factor of 6065673?
False
Is 8 a factor of 1491061?
False
D